{"id":200,"date":"2023-04-06T19:35:44","date_gmt":"2023-04-06T19:35:44","guid":{"rendered":"https:\/\/itdidak.dk\/?page_id=200"},"modified":"2024-08-10T18:14:40","modified_gmt":"2024-08-10T18:14:40","slug":"chat","status":"publish","type":"page","link":"https:\/\/itdidak.dk\/index.php\/chat\/","title":{"rendered":"Chat"},"content":{"rendered":"\n<h2 class=\"wp-block-heading has-medium-font-size\">Chatbot med personlighed<\/h2>\n\n\n\n<p class=\"has-small-font-size\">Nedenst\u00e5ende chatbots er implementeringer af sprogmodellen ChatGPT fra OpenAI. De to udgaver bygger p\u00e5 den samme sprogmodel (GPT-4o mini), men har hver is\u00e6r f\u00e5et tildelt en rolle via en kort prompt, der fort\u00e6ller sprogmodellen, hvordan den skal interagere med brugerne. <br><br>Dette illustrerer, hvordan mange forskelligartede &#8220;kunstige intelligenser&#8221; kan bygge p\u00e5 de samme underliggende sprogmodeller. Eksempelvis kan de grundl\u00e6ggende regler for Microsoft Bing-Chat (kodenavn Sydney) findes [ <a href=\"https:\/\/www.reddit.com\/r\/bing\/comments\/11398o3\/full_sydney_preprompt_including_rules_and\/\" data-type=\"URL\" data-id=\"https:\/\/www.reddit.com\/r\/bing\/comments\/11398o3\/full_sydney_preprompt_including_rules_and\/\" target=\"_blank\" rel=\"noreferrer noopener\">her<\/a> ].<br><br>Bem\u00e6rk at chatfunktionen kommunikerer direkte med OpenAI&#8217;s servere, og derfor videresender de informationer, som du indtaster. Vi opfordrer derfor p\u00e5 det kraftigste til at man ikke skriver personf\u00f8lsomme oplysninger i chatten. Du kan l\u00e6se om OpenAI&#8217;s privatlivspolitik, og hvad de g\u00f8r med dine data [ <a href=\"https:\/\/openai.com\/policies\/privacy-policy\" target=\"_blank\" rel=\"noreferrer noopener\">her<\/a> ].<\/p>\n\n\n\n<p>Den venlige l\u00e6rer<\/p>\n\n\n\n<p class=\"has-small-font-size\">Prompt:<br>[skriv, som om du var en AI-l\u00e6rer. V\u00e6r venlig, kreativ og hj\u00e6lpsom.] <\/p>\n\n\n<div class='mwai-chatbot-container' data-params='{&quot;aiName&quot;:&quot;AI: &quot;,&quot;userName&quot;:&quot;User: &quot;,&quot;guestName&quot;:&quot;Guest:&quot;,&quot;textSend&quot;:&quot;Send&quot;,&quot;textClear&quot;:&quot;Clear&quot;,&quot;imageUpload&quot;:false,&quot;fileUpload&quot;:false,&quot;multiUpload&quot;:false,&quot;maxUploads&quot;:1,&quot;fileUploads&quot;:0,&quot;mode&quot;:&quot;chat&quot;,&quot;textInputPlaceholder&quot;:&quot;Skriv din besked&quot;,&quot;textInputMaxLength&quot;:512,&quot;textCompliance&quot;:&quot;&quot;,&quot;startSentence&quot;:&quot;Hej hvordan kan jeg hj\\u00e6lpe dig&quot;,&quot;localMemory&quot;:true,&quot;themeId&quot;:&quot;chatgpt&quot;,&quot;window&quot;:false,&quot;icon&quot;:&quot;&quot;,&quot;iconText&quot;:&quot;&quot;,&quot;iconTextDelay&quot;:1,&quot;iconAlt&quot;:&quot;AI Chatbot Avatar&quot;,&quot;iconPosition&quot;:&quot;bottom-right&quot;,&quot;centerOpen&quot;:false,&quot;width&quot;:&quot;&quot;,&quot;openDelay&quot;:&quot;&quot;,&quot;iconBubble&quot;:false,&quot;windowAnimation&quot;:&quot;zoom&quot;,&quot;fullscreen&quot;:false,&quot;copyButton&quot;:false,&quot;headerSubtitle&quot;:&quot;Discuss with&quot;,&quot;containerType&quot;:&quot;standard&quot;,&quot;headerType&quot;:&quot;standard&quot;,&quot;messagesType&quot;:&quot;standard&quot;,&quot;inputType&quot;:&quot;standard&quot;,&quot;footerType&quot;:&quot;standard&quot;}' data-system='{&quot;botId&quot;:&quot;default&quot;,&quot;customId&quot;:&quot;18620933b296ad3fa98b01ab392a1c09&quot;,&quot;userData&quot;:null,&quot;sessionId&quot;:&quot;69e1a52a2621a&quot;,&quot;restNonce&quot;:null,&quot;contextId&quot;:null,&quot;pluginUrl&quot;:&quot;https:\\\/\\\/itdidak.dk\\\/wp-content\\\/plugins\\\/ai-engine&quot;,&quot;restUrl&quot;:&quot;https:\\\/\\\/itdidak.dk\\\/index.php\\\/wp-json&quot;,&quot;stream&quot;:false,&quot;debugMode&quot;:false,&quot;eventLogs&quot;:false,&quot;speech_recognition&quot;:true,&quot;speech_synthesis&quot;:false,&quot;typewriter&quot;:false,&quot;crossSite&quot;:false,&quot;actions&quot;:[],&quot;blocks&quot;:[],&quot;shortcuts&quot;:[]}' data-theme='{&quot;type&quot;:&quot;internal&quot;,&quot;name&quot;:&quot;ChatGPT&quot;,&quot;themeId&quot;:&quot;chatgpt&quot;,&quot;settings&quot;:[],&quot;style&quot;:&quot;&quot;,&quot;cssUrl&quot;:&quot;https:\\\/\\\/itdidak.dk\\\/wp-content\\\/plugins\\\/ai-engine\\\/themes\\\/chatgpt.css&quot;}'><\/div>\n\n\n\n<p>Den uvenlige l\u00e6rer<\/p>\n\n\n\n<p class=\"has-small-font-size\">Prompt:<br>[skriv som om du var en sur l\u00e6rer. V\u00e6r uvenlig, rigid og uhj\u00e6lpsom]<\/p>\n\n\n<div class='mwai-chatbot-container' data-params='{&quot;aiName&quot;:&quot;AI: &quot;,&quot;userName&quot;:&quot;User: &quot;,&quot;guestName&quot;:&quot;Guest:&quot;,&quot;textSend&quot;:&quot;Send&quot;,&quot;textClear&quot;:&quot;Clear&quot;,&quot;imageUpload&quot;:false,&quot;fileUpload&quot;:false,&quot;multiUpload&quot;:false,&quot;maxUploads&quot;:1,&quot;fileUploads&quot;:0,&quot;mode&quot;:&quot;chat&quot;,&quot;textInputPlaceholder&quot;:&quot;Skriv din besked...&quot;,&quot;textInputMaxLength&quot;:512,&quot;textCompliance&quot;:&quot;&quot;,&quot;startSentence&quot;:&quot;Hvad vil du?&quot;,&quot;localMemory&quot;:true,&quot;themeId&quot;:&quot;chatgpt&quot;,&quot;window&quot;:false,&quot;icon&quot;:&quot;&quot;,&quot;iconText&quot;:&quot;&quot;,&quot;iconTextDelay&quot;:1,&quot;iconAlt&quot;:&quot;AI Chatbot Avatar&quot;,&quot;iconPosition&quot;:&quot;bottom-right&quot;,&quot;centerOpen&quot;:false,&quot;width&quot;:&quot;&quot;,&quot;openDelay&quot;:&quot;&quot;,&quot;iconBubble&quot;:false,&quot;windowAnimation&quot;:&quot;zoom&quot;,&quot;fullscreen&quot;:false,&quot;copyButton&quot;:false,&quot;headerSubtitle&quot;:&quot;Discuss with&quot;,&quot;containerType&quot;:&quot;standard&quot;,&quot;headerType&quot;:&quot;standard&quot;,&quot;messagesType&quot;:&quot;standard&quot;,&quot;inputType&quot;:&quot;standard&quot;,&quot;footerType&quot;:&quot;standard&quot;}' data-system='{&quot;botId&quot;:&quot;default&quot;,&quot;customId&quot;:&quot;258745750302f87bb2e91f1cdf95584d&quot;,&quot;userData&quot;:null,&quot;sessionId&quot;:&quot;69e1a52a26713&quot;,&quot;restNonce&quot;:null,&quot;contextId&quot;:null,&quot;pluginUrl&quot;:&quot;https:\\\/\\\/itdidak.dk\\\/wp-content\\\/plugins\\\/ai-engine&quot;,&quot;restUrl&quot;:&quot;https:\\\/\\\/itdidak.dk\\\/index.php\\\/wp-json&quot;,&quot;stream&quot;:false,&quot;debugMode&quot;:false,&quot;eventLogs&quot;:false,&quot;speech_recognition&quot;:true,&quot;speech_synthesis&quot;:false,&quot;typewriter&quot;:false,&quot;crossSite&quot;:false,&quot;actions&quot;:[],&quot;blocks&quot;:[],&quot;shortcuts&quot;:[]}' data-theme='{&quot;type&quot;:&quot;internal&quot;,&quot;name&quot;:&quot;ChatGPT&quot;,&quot;themeId&quot;:&quot;chatgpt&quot;,&quot;settings&quot;:[],&quot;style&quot;:&quot;&quot;,&quot;cssUrl&quot;:&quot;https:\\\/\\\/itdidak.dk\\\/wp-content\\\/plugins\\\/ai-engine\\\/themes\\\/chatgpt.css&quot;}'><\/div>\n\n\n\n<p class=\"has-small-font-size\">Ovenst\u00e5ende chatfunktion bygger p\u00e5 OpenAI&#8217;s API og er ikke gratis at have k\u00f8rende. Hvis du har gl\u00e6de af at bruge siden, m\u00e5 du gerne donere en kop kaffe  [ <a rel=\"noreferrer noopener\" href=\"https:\/\/www.buymeacoffee.com\/itdidak\" target=\"_blank\">her<\/a> ]<\/p>\n\n\n\n<p><\/p>\n","protected":false},"excerpt":{"rendered":"<p>Chatbot med personlighed Nedenst\u00e5ende chatbots er implementeringer af sprogmodellen ChatGPT fra OpenAI. De to udgaver bygger p\u00e5 den samme sprogmodel (GPT-4o mini), men har hver is\u00e6r f\u00e5et tildelt en rolle via en kort prompt, der fort\u00e6ller sprogmodellen, hvordan den skal interagere med brugerne. Dette illustrerer, hvordan mange forskelligartede &#8220;kunstige intelligenser&#8221; kan bygge p\u00e5 de samme [&hellip;]<\/p>\n","protected":false},"author":1,"featured_media":0,"parent":0,"menu_order":0,"comment_status":"closed","ping_status":"closed","template":"","meta":{"footnotes":""},"class_list":["post-200","page","type-page","status-publish","hentry"],"_links":{"self":[{"href":"https:\/\/itdidak.dk\/index.php\/wp-json\/wp\/v2\/pages\/200","targetHints":{"allow":["GET"]}}],"collection":[{"href":"https:\/\/itdidak.dk\/index.php\/wp-json\/wp\/v2\/pages"}],"about":[{"href":"https:\/\/itdidak.dk\/index.php\/wp-json\/wp\/v2\/types\/page"}],"author":[{"embeddable":true,"href":"https:\/\/itdidak.dk\/index.php\/wp-json\/wp\/v2\/users\/1"}],"replies":[{"embeddable":true,"href":"https:\/\/itdidak.dk\/index.php\/wp-json\/wp\/v2\/comments?post=200"}],"version-history":[{"count":48,"href":"https:\/\/itdidak.dk\/index.php\/wp-json\/wp\/v2\/pages\/200\/revisions"}],"predecessor-version":[{"id":608,"href":"https:\/\/itdidak.dk\/index.php\/wp-json\/wp\/v2\/pages\/200\/revisions\/608"}],"wp:attachment":[{"href":"https:\/\/itdidak.dk\/index.php\/wp-json\/wp\/v2\/media?parent=200"}],"curies":[{"name":"wp","href":"https:\/\/api.w.org\/{rel}","templated":true}]}}